llions digit of 463654207?
3
What is the millions digit of 63968238?
3
What is the ten thousands digit of 70348136?
4
What is the thousands digit of 267568492?
8
What is the hundreds digit of 27091743?
7
What is the billions digit of 7700380168?
7
What is the millions digit of 88106799?
8
What is the units digit of 5044624367?
7
What is the ten thousands digit of 1137489913?
8
What is the hundreds digit of 1930362641?
6
What is the hundreds digit of 49525649?
6
What is the hundreds digit of 2785429886?
8
What is the tens digit of 1211966856?
5
What is the billions digit of 3677210001?
3
What is the hundreds digit of 34469402?
4
What is the hundred thousands digit of 35404866?
4
What is the hundred millions digit of 2512460780?
5
What is the hundred thousands digit of 153202977?
2
What is the millions digit of 79912559?
9
What is the hundred thousands digit of 21325594?
3
What is the hundred millions digit of 320402253?
3
What is the millions digit of 234522242?
4
What is the hundreds digit of 55373839?
8
What is the hundreds digit of 457998871?
8
What is the thousands digit of 459181982?
1
What is the tens digit of 10052161?
6
What is the hundreds digit of 238530024?
0
What is the ten millions digit of 940413096?
4
What is the hundreds digit of 91531872?
8
What is the millions digit of 2500691398?
0
What is the hundreds digit of 1007484430?
4
What is the ten thousands digit of 219284330?
8
What is the hundreds digit of 7024918648?
6
What is the hundreds digit of 852557479?
4
What is the ten millions digit of 42509152?
4
What is the thousands digit of 95749886?
9
What is the tens digit of 166029628?
2
What is the hundred thousands digit of 264538562?
5
What is the hundred thousands digit of 507905330?
9
What is the ten thousands digit of 16324176?
2
What is the thousands digit of 142409106?
9
What is the thousands digit of 15881916?
1
What is the tens digit of 86900700?
0
What is the hundred millions digit of 537948798?
5
What is the hundred millions digit of 533012426?
5
What is the hundred millions digit of 124628681?
1
What is the hundred millions digit of 4272336074?
2
What is the thousands digit of 32143318?
3
What is the hundreds digit of 402737305?
3
What is the units digit of 1588046251?
1
What is the millions digit of 405878527?
5
What is the hundred millions digit of 889866110?
8
What is the units digit of 6268445?
5
What is the hundred thousands digit of 5468188051?
1
What is the ten thousands digit of 184611010?
1
What is the ten thousands digit of 212915951?
1
What is the hundreds digit of 88639736?
7
What is the tens digit of 44879255?
5
What is the ten thousands digit of 2966327930?
2
What is the billions digit of 1904381566?
1
What is the thousands digit of 133596664?
6
What is the ten thousands digit of 120708107?
0
What is the millions digit of 72675016?
2
What is the thousands digit of 351779257?
9
What is the units digit of 57108123?
3
What is the thousands digit of 1904305?
4
What is the thousands digit of 79503280?
3
What is the thousands digit of 129882018?
2
What is the millions digit of 249200086?
9
What is the ten millions digit of 4846533618?
4
What is the thousands digit of 2787870946?
0
What is the millions digit of 27225593?
7
What is the units digit of 938505258?
8
What is the hundred thousands digit of 118391731?
3
What is the millions digit of 42801853?
2
What is the hundred thousands digit of 106232480?
2
What is the hundred thousands digit of 98373522?
3
What is the units digit of 60751390?
0
What is the hundred millions digit of 432113583?
4
What is the thousands digit of 91272636?
2
What is the units digit of 1025760678?
8
What is the hundred millions digit of 758322051?
7
What is the ten thousands digit of 2429759748?
5
What is the billions digit of 1104464778?
1
What is the millions digit of 80171008?
0
What is the hundred thousands digit of 105116588?
1
What is the units digit of 81859675?
5
What is the units digit of 93708263?
3
What is the hundreds digit of 985674855?
8
What is the tens digit of 216723538?
3
What is the tens digit of 278332437?
3
What is the hundred millions digit of 1127866648?
1
What is the hundreds digit of 88149985?
9
What is the tens digit of 4102930?
3
What is the units digit of 179593902?
2
What is the hundred thousands digit of 270035635?
0
What is the hundreds digit of 218648513?
5
What is the units digit of 2454734884?
4
What is the millions digit of 847110440?
7
What is the millions digit of 3646278341?
6
What is the ten millions digit of 1827874127?
2
What is the ten millions digit of 253112916?
5
What is the ten millions digit of 214055321?
1
What is the tens digit of 1042488659?
5
What is the hundred thousands digit of 26118295?
1
What is the hundred millions digit of 188298987?
1
What is the thousands digit of 191626931?
6
What is the units digit of 31355293?
3
What is the units digit of 11411666?
6
What is the hundreds digit of 22475458?
4
What is the thousands digit of 552650821?
0
What is the ten thousands digit of 2133201101?
0
What is the millions digit of 57889562?
7
What is the tens digit of 3082890119?
1
What is the hundreds digit of 7831471?
4
What is the millions digit of 852418751?
2
What is the units digit of 717228468?
8
What is the ten millions digit of 3349067096?
4
What is the hundreds digit of 1500194203?
2
What is the tens digit of 718932184?
8
What is the units digit of 39091814?
4
What is the hundred thousands digit of 95243206?
2
What is the thousands digit of 13111126?
1
What is the hundred millions digit of 1068150331?
0
What is the hundred thousands digit of 123273792?
2
What is the ten thousands digit of 428331327?
3
What is the millions digit of 80676838?
0
What is the thousands digit of 4801930266?
0
What is the ten thousands digit of 85701149?
0
What is the thousands digit of 895974152?
4
What is the ten thousands digit of 514652344?
5
What is the units digit of 24798058?
8
What is the hundred millions digit of 1738243607?
7
What is the ten millions digit of 1139861507?
3
What is the hundreds digit of 427007442?
4
What is the ten thousands digit of 9080155?
8
What is the ten millions digit of 39071032?
3
What is the units digit of 1996002614?
4
What is the millions digit of 50534023?
0
What is the hundred thousands digit of 103483083?
4
What is the hundred thousands digit of 2577695350?
6
What is the billions digit of 2901873002?
2
What is the units digit of 42554849?
9
What is the hundreds digit of 10879113?
1
What is the ten millions digit of 80882213?
8
What is the hundreds digit of 484087018?
0
What is the tens digit of 145485786?
8
What is the hundreds digit of 2296388794?
7
What is the thousands digit of 388943082?
3
What is the thousands digit of 31079491?
9
What is the hundred millions digit of 586492559?
5
What is the ten millions digit of 83233421?
8
What is the millions digit of 2522094098?
2
What is the hundred millions digit of 161070920?
1
What is the ten thousands digit of 124429184?
2
What is the ten thousands digit of 4989729472?
2
What is the billions digit of 1728614500?
1
What is the hundred millions digit of 272721045?
2
What is the units digit of 70849693?
3
What is the thousands digit of 5183021294?
1
What is the hundreds digit of 575486318?
3
What is the tens digit of 267965887?
8
What is the ten millions digit of 49534142?
4
What is the ten thousands digit of 6938348734?
4
What is the ten millions digit of 33399241?
3
What is the tens digit of 76432671?
7
What is the units digit of 121648538?
8
What is the hundreds digit of 60724584?
5
What is the units digit of 200116654?
4
What is the hundred thousands digit of 66534572?
5
What is the hundred thousands digit of 283085495?
0
What is the millions digit of 8607675?
8
What is the units digit of 6544093?
3
What is the ten millions digit of 81743188?
8
What is the thousands digit of 81143109?
3
What is the ten thousands digit of 1321642667?
4
What is the hundred thousands digit of 4618514367?
5
What is the hundreds digit of 1685738326?
3
What is the hundred millions digit of 140481553?
1
What is the ten millions digit of 516602404?
1
What is the tens digit of 146714960?
6
What is the hundreds digit of 62197018?
0
What is the tens digit of 139505543?
4
What is the thous